base 13) to base 12
-a0589
-110112112111200 (base 3) to base 10
-6663429
What is 7306377 (base 8) in base 16?
1d8cff
Convert 8862 (base 10) to base 15.
295c
Convert 136277 (base 11) to base 6.
4323234
Convert -101102012001100 (base 3) to base 7.
-65020605
What is 1001140224 (base 5) in base 9?
3638371
Convert 20102210112021 (base 3) to base 11.
1a27157
-132021003 (base 4) to base 6
-2351323
-14650 (base 8) to base 11
-4a31
What is 27196f (base 16) in base 4?
21301211233
Convert 28cbd9 (base 14) to base 7.
15024562
3784022 (base 10) to base 8
16336526
What is -152435121 (base 6) in base 13?
-884674
14067210 (base 9) to base 7
113050140
Convert -13221525 (base 6) to base 12.
-1918a5
What is -dd2d4 (base 14) in base 9?
-1005705
Convert 192771 (base 10) to base 3.
100210102200
What is -33304340 (base 5) in base 13?
-a2727
-4a4591 (base 15) to base 11
-2010620
What is 11000101010011110010 (base 2) in base 5?
201330203
Convert 8c6a50 (base 16) to base 10.
9202256
-1a0640b (base 13) to base 15
-b3e608
-243055 (base 7) to base 11
-30301
Convert 78c83 (base 16) to base 9.
833562
What is -52a476 (base 11) in base 14?
-181290
Convert c72603 (base 13) to base 4.
101301321312
-40000404 (base 5) to base 13
-ac396
20a6a (base 12) to base 3
2011222101
What is -3a13b59 (base 13) in base 11?
-a32188a
What is 168851 (base 13) in base 8?
2110765
What is -1222085 (base 14) in base 3?
-121100101011202
What is -63241 (base 10) in base 16?
-f709
What is 5354449 (base 10) in base 3?
101002000220221
-106b349 (base 12) to base 8
-13741051
Convert -1000101111110011101 (base 2) to base 9.
-476147
What is 2359554 (base 10) in base 11?
137184a
Convert 312030200 (base 4) to base 6.
4431412
Convert -1d1164 (base 14) to base 7.
-11561554
Convert 54045535 (base 6) to base 2.
110000100110111000011
58011 (base 13) to base 15
327d0
What is -10110202000 (base 3) in base 4?
-100223301
Convert 3343121 (base 7) to base 8.
1450561
14202043 (base 5) to base 13
51c91
-34b077 (base 12) to base 16
-cf29b
-ab126 (base 13) to base 3
-120202012200
Convert -e887 (base 15) to base 16.
-c019
Convert 2a4e6 (base 15) to base 3.
20220201100
-253902 (base 11) to base 10
-400391
-25273347 (base 8) to base 3
-101112120010102
Convert -1b0886 (base 12) to base 5.
-110300212
Convert -4376264 (base 11) to base 13.
-178b9b3
What is -23232331 (base 4) in base 7?
-260056
-1110010010000101010 (base 2) to base 15
-93a0a
Convert -1daeb1 (base 15) to base 7.
-15235501
Convert 2257037 (base 9) to base 13.
338a73
Convert -301510522 (base 6) to base 2.
-10011100011011011110010
Convert 5510 (base 8) to base 6.
21212
Convert -114bac8 (base 13) to base 3.
-101001012212022
What is 278599 (base 11) in base 10?
435950
Convert 205512 (base 7) to base 10.
35583
3892bc (base 13) to base 2
101001100101011001001
-155314 (base 9) to base 15
-1d58a
21150425 (base 7) to base 9
3333518
Convert 45150250 (base 6) to base 14.
278462
What is 3350524 (base 6) in base 2?
101001011111110100
-21011020021 (base 3) to base 15
-2bb11
Convert 32111312 (base 5) to base 14.
7035c
-36630 (base 10) to base 6
-441330
What is -2432420344 (base 5) in base 7?
-66600446
What is -46241 (base 7) in base 12?
-69a5
What is -a60d6 (base 16) in base 15?
-d67d5
112211200200102 (base 3) to base 10
7886819
1002222002011 (base 3) to base 14
114d3d
-7004 (base 10) to base 16
-1b5c
Convert 158709 (base 11) to base 12.
ba280
Convert -55199 (base 10) to base 3.
-2210201102
19bdf (base 16) to base 2
11001101111011111
1422404112 (base 5) to base 9
6883543
What is 145111030 (base 6) in base 12?
1028476
What is -122a70 (base 11) in base 7?
-1436264
What is -110000101000110010010 (base 2) in base 11?
-999450
What is -49a57 (base 12) in base 6?
-2050551
What is 10334313 (base 8) in base 10?
2209995
Convert -434424552 (base 6) to base 8.
-35532524
Convert 309e0 (base 16) to base 6.
4133532
Convert 212003033 (base 4) to base 11.
a7107
What is -110010100011101101 (base 2) in base 9?
-345054
Convert -7865 (base 10) to base 8.
-17271
What is -156561130 (base 7) in base 3?
-202002222011121
42134111 (base 5) to base 13
c2c9a
Convert -110001110111111100 (base 2) to base 6.
-4213432
Convert b59090 (base 12) to base 4.
22321120230
510b3 (base 12) to base 15
21413
Convert -10110000001110001100 (base 2) to base 9.
-1320114
Convert 3902a (base 15) to base 11.
114a59
What is 203837 (base 9) in base 12?
5a007
Convert -83615 (base 14) to base 6.
-10442243
Convert 30ac4 (base 15) to base 16.
25ac5
Convert -211301131 (base 4) to base 9.
-255207
10230333023 (base 4) to base 10
1232843
-67cb30 (base 15) to base 11
-2883824
What is -2435503 (base 6) in base 8?
-375037
273904 (base 11) to base 6
13113123
Convert 3d857 (base 14) to base 11.
a4696
What is -62414 (base 10) in base 2?
-1111001111001110
What is 122022022022100 (base 3) in base 4?
203011213002
37f6c (base 16) to base 4
313331230
1013213 (base 7) to base 15
25d92
What is -1254151 (base 8) in base 13?
-c35b2
11302 (base 13) to base 5
2000032
What is 1224250 (base 6) in base 2?
10000000011100110
What is 7514 (base 9) in base 11?
416a
1562467 (base 9) to base 3
1122002112021
What is 17043216 (base 9) in base 13?
19c942b
Convert -205341050 (base 6) to base 10.
-3621270
What is -297292 (base 13) in base 6?
-33433131
94a018 (base 11) to base 7
15634300
Convert -854498 (base 11) to base 6.
-45151052
-6721b (base 12) to base 13
-4a37b
What is -189051 (base 15) in base 9?
-2220884
-101200001033 (base 4) to base 12
-1652a3b
Convert 1201020010102 (base 3) to base 16.
de23c
Convert 1202944 (base 10) to base 15.
18b664
-193222 (base 14) to base 13
-253156
79c3 (base 14) to base 3
1002000002
110222110202100 (base 3) to base 15
913e4c
What is -1000110000011100101 (base 2) in base 14?
-76805
What is -816182 (base 10) in base 7?
-6636353
What is -143224130 (base 5) in base 14?
-15a37a
What is -404134014 (base 5) in base 13?
-4511ca
What is 6129d (base 16) in base 5?
100213411
Convert 11110111111001000101010 (base 2) to base 5.
4034413142
-3587598 (base 10) to base 14
-695610
What is -119171 (base 11) in base 15?
-3a9ea
Convert 442131 (base 8) to base 2.
100100010001011001
Convert 1755a9 (base 13) to base 15.
b7be4
Convert -c388e (base 15) to base 4.
-2113100213
Convert -130f (base 16) to base 7.
-20140
What is -6146566 (base 7) in base 8?
-2632700
-530230542 (base 6) to base 12
-3125452
What is -1010223223 (base 4) in base 10?
-281323
230203124 (base 7) to base 2
110101100010011111111101
What is 95151 (base 11) in base 9?
231111
What is 1102001222201 (base 3) in base 14?
15716c
What is 31420242 (base 5) in base 3?
111101220012
18649a0 (base 11) to base 5
1301414323
Convert -82628 (base 12) to base 8.
-514400
-88154 (base 9) to base 13
-207b2
20756634 (base 9) to base 6
554410521
What is 20120020201 (base 3) in base 6?
2434114
Convert 2896396 (base 12) to base 16.
7c83a2
What is 3332185 (base 9) in base 3?
10101002012212
What is 100001111111001000111 (base 2) in base 4?
10033321013
1000110111101101101 (base 2) to base 16
46f6d
220234503 (base 6) to base 16
3c1d07
67b8b (base 16) to base 8
1475613
221021110011 (base 3) to base 9
837404
-24322210 (base 5) to base 15
-480c0
Convert -1384625 (base 9) to base 16.
-baa55
What is -212337 (base 8) in base 5?
-4232004
Convert 370133 (base 9) to base 6.
4441133
What is -829632 (base 15) in base 7?
-103524122
What is -12b2680 (base 12) in base 4?
-32023101000
Convert -1c6b2 (base 15) to base 5.
-10431032
Convert -110001010100001000001110 (base 2) to base 9.
-26283171
Convert 11143405 (base 7) to base 16.
ec881
120112121120 (base 3) to base 8
1125352
Convert 185013 (base 12) to base 9.
714676
Convert -435798 (base 10) to base 8.
-1523126
Convert 1207cbd (base 14) to base 11.
4962587
Convert -23240002 (base 5) to base 7.
-1541501
-8a0445 (base 13) to base 9
-6113301
Convert -c06318 (base 13) to base 2.
-10001000011000111101010
Convert 1a7b0 (base 14) to base 9.
112378
-623667 (base 8) to base 10
-206775
320132222103 (base 4) to base 10
14805651
Convert 24a678 (base 15) to base 8.
6546457
-915827 (base 10) to base 4
-3133211303
2972510 (base 10) to base 13
800ca8
11331330023 (base 4) to base 8
5757413
Convert 48e59 (base 15) to base 5.
24421414
-100204014 (base 5) to base 16
-61048
What is 615552 (base 10) i